{"id":3,"date":"2024-09-26T06:41:31","date_gmt":"2024-09-26T06:41:31","guid":{"rendered":"https:\/\/ytmp3.pet\/?page_id=3"},"modified":"2024-09-28T09:59:09","modified_gmt":"2024-09-28T09:59:09","slug":"privacy-policy","status":"publish","type":"page","link":"https:\/\/ytmp3.pet\/ptota\/privacy-policy\/","title":{"rendered":"Pol\u00edtica de privacidade"},"content":{"rendered":"<p><!-- Privacy Policy Page for YouTubeMP4Free.com --><\/p>\n<section class=\"privacy-policy\">\n<div class=\"container\">\n<p><strong>Data de vig\u00eancia:<\/strong> 06\/08\/2024<\/p>\n<p>Em <strong>YTMP3.PET<\/strong>Na Baxter, valorizamos sua privacidade e temos o compromisso de proteger suas informa\u00e7\u00f5es pessoais. Esta Pol\u00edtica de Privacidade descreve como coletamos, usamos e protegemos as informa\u00e7\u00f5es que voc\u00ea fornece ao usar nosso site e servi\u00e7os. Ao usar o <strong>YTMP3.PET<\/strong>voc\u00ea concorda com os termos descritos nesta Pol\u00edtica de Privacidade.<\/p>\n<h3><strong>1. Informa\u00e7\u00f5es que coletamos<\/strong><\/h3>\n<p>N\u00e3o exigimos informa\u00e7\u00f5es pessoais para usar nosso servi\u00e7o de convers\u00e3o de YouTube para MP3. No entanto, podemos coletar informa\u00e7\u00f5es n\u00e3o pessoalmente identific\u00e1veis para melhorar o desempenho do nosso site e a experi\u00eancia do usu\u00e1rio.<\/p>\n<ul>\n<li><strong>Informa\u00e7\u00f5es n\u00e3o pessoais:<\/strong> Isso pode incluir seu endere\u00e7o IP, tipo de navegador, sistema operacional e a data e hora em que voc\u00ea acessa nosso servi\u00e7o. Esses dados s\u00e3o coletados por meio de cookies e tecnologias semelhantes para nos ajudar a analisar o tr\u00e1fego do site e melhorar a funcionalidade.<\/li>\n<\/ul>\n<h3><strong>2. Como usamos as informa\u00e7\u00f5es coletadas<\/strong><\/h3>\n<p>As informa\u00e7\u00f5es que coletamos s\u00e3o usadas exclusivamente para aprimorar a experi\u00eancia do usu\u00e1rio e melhorar o desempenho de <strong>YTMP3.PET<\/strong>. Especificamente, usamos esses dados para:<\/p>\n<ul>\n<li>Garantir que nosso servi\u00e7o seja executado de forma eficiente e segura.<\/li>\n<li>Melhorar o design e a usabilidade do site.<\/li>\n<li>Analisar o tr\u00e1fego do site para oferecer um servi\u00e7o melhor.<\/li>\n<\/ul>\n<p>N\u00e3o vendemos, trocamos ou compartilhamos suas informa\u00e7\u00f5es pessoais com terceiros.<\/p>\n<h3><strong>3. Uso de cookies<\/strong><\/h3>\n<p><strong>YTMP3.PET<\/strong> usa cookies para melhorar sua experi\u00eancia de navega\u00e7\u00e3o. Cookies s\u00e3o pequenos arquivos colocados em seu dispositivo para armazenar informa\u00e7\u00f5es sobre suas prefer\u00eancias e atividades em nosso site. Eles nos ajudam a:<\/p>\n<ul>\n<li>Entender como os usu\u00e1rios interagem com nosso site.<\/li>\n<li>Lembre-se de suas prefer\u00eancias para visitas futuras.<\/li>\n<li>Analisar o tr\u00e1fego do site e os padr\u00f5es de uso.<\/li>\n<\/ul>\n<p>Voc\u00ea pode optar por desativar os cookies por meio das configura\u00e7\u00f5es do seu navegador. No entanto, observe que isso pode afetar sua capacidade de usar determinados recursos do nosso site.<\/p>\n<h3><strong>4. Links de terceiros<\/strong><\/h3>\n<p>Nosso site pode conter links para sites de terceiros por conveni\u00eancia. Observe que <strong>YTMP3.PET<\/strong> n\u00e3o \u00e9 respons\u00e1vel pelas pr\u00e1ticas de privacidade ou pelo conte\u00fado desses sites externos. Recomendamos que voc\u00ea analise as pol\u00edticas de privacidade de qualquer site de terceiros antes de fornecer informa\u00e7\u00f5es pessoais.<\/p>\n<h3><strong>5. Seguran\u00e7a de dados<\/strong><\/h3>\n<p>Implementamos medidas t\u00e9cnicas e de seguran\u00e7a adequadas para proteger seus dados contra acesso ou divulga\u00e7\u00e3o n\u00e3o autorizados. Entretanto, embora nos esforcemos para proteger suas informa\u00e7\u00f5es pessoais, nenhum m\u00e9todo de transmiss\u00e3o pela Internet \u00e9 100% seguro. N\u00e3o podemos garantir seguran\u00e7a absoluta, mas asseguramos que seguimos as pr\u00e1ticas recomendadas do setor para proteger seus dados.<\/p>\n<h3><strong>6. Privacidade das crian\u00e7as<\/strong><\/h3>\n<p><strong>YTMP3.PET<\/strong> n\u00e3o se destina ao uso por crian\u00e7as com menos de 13 anos de idade. N\u00e3o coletamos intencionalmente nenhuma informa\u00e7\u00e3o pessoal de crian\u00e7as. Se tomarmos conhecimento de que coletamos inadvertidamente informa\u00e7\u00f5es pessoais de uma crian\u00e7a com menos de 13 anos, tomaremos as medidas necess\u00e1rias para excluir essas informa\u00e7\u00f5es imediatamente.<\/p>\n<h3><strong>7. Altera\u00e7\u00f5es a esta Pol\u00edtica de Privacidade<\/strong><\/h3>\n<p>Reservamo-nos o direito de atualizar ou modificar esta Pol\u00edtica de Privacidade a qualquer momento. Todas as altera\u00e7\u00f5es ser\u00e3o refletidas nesta p\u00e1gina, juntamente com a data de vig\u00eancia atualizada. Incentivamos os usu\u00e1rios a revisar regularmente esta pol\u00edtica para se manterem informados sobre como protegemos seus dados.<\/p>\n<h3><strong>8. Entre em contato conosco<\/strong><\/h3>\n<p>Em caso de d\u00favidas ou preocupa\u00e7\u00f5es sobre esta Pol\u00edtica de Privacidade ou sobre o manuseio de suas informa\u00e7\u00f5es pessoais, entre em contato conosco:<\/p>\n<ul>\n<li><strong>E-mail:<\/strong> <a rel=\"noopener\">support@ytmp3.pet<\/a><\/li>\n<\/ul>\n<hr \/>\n<p><strong>YTMP3.PET<\/strong> tem o compromisso de proteger sua privacidade e proporcionar uma experi\u00eancia on-line segura e protegida. Ao continuar a usar nosso servi\u00e7o, voc\u00ea concorda com as pr\u00e1ticas descritas nesta Pol\u00edtica de Privacidade.<\/p>\n<\/div>\n<\/section>","protected":false},"excerpt":{"rendered":"<p>Effective Date: 06\/08\/2024 At YTMP3.PET, we value your privacy and are committed to protecting your personal information. This Privacy Policy outlines how we collect, use, and safeguard the information you provide while using our website and services. By using YTMP3.PET, you agree to the terms outlined in this Privacy Policy. 1. Information We Collect We [&hellip;]<\/p>","protected":false},"author":1,"featured_media":0,"parent":0,"menu_order":0,"comment_status":"closed","ping_status":"open","template":"","meta":{"footnotes":""},"class_list":["post-3","page","type-page","status-publish","hentry"],"_links":{"self":[{"href":"https:\/\/ytmp3.pet\/ptota\/wp-json\/wp\/v2\/pages\/3","targetHints":{"allow":["GET"]}}],"collection":[{"href":"https:\/\/ytmp3.pet\/ptota\/wp-json\/wp\/v2\/pages"}],"about":[{"href":"https:\/\/ytmp3.pet\/ptota\/wp-json\/wp\/v2\/types\/page"}],"author":[{"embeddable":true,"href":"https:\/\/ytmp3.pet\/ptota\/wp-json\/wp\/v2\/users\/1"}],"replies":[{"embeddable":true,"href":"https:\/\/ytmp3.pet\/ptota\/wp-json\/wp\/v2\/comments?post=3"}],"version-history":[{"count":0,"href":"https:\/\/ytmp3.pet\/ptota\/wp-json\/wp\/v2\/pages\/3\/revisions"}],"wp:attachment":[{"href":"https:\/\/ytmp3.pet\/ptota\/wp-json\/wp\/v2\/media?parent=3"}],"curies":[{"name":"wp","href":"https:\/\/api.w.org\/{rel}","templated":true}]}}