{"id":8,"date":"2024-09-26T06:58:19","date_gmt":"2024-09-26T06:58:19","guid":{"rendered":"https:\/\/ytmp3.pet\/?page_id=8"},"modified":"2024-09-28T09:59:51","modified_gmt":"2024-09-28T09:59:51","slug":"terms-of-service","status":"publish","type":"page","link":"https:\/\/ytmp3.pet\/esota\/terms-of-service\/","title":{"rendered":"Condiciones de uso"},"content":{"rendered":"<p><!-- Terms of Service Page for YouTubeMP4Free.com --><\/p>\n<section class=\"terms-of-service\">\n<div class=\"container\"><!-- Page Title --><!-- Effective Date --><\/p>\n<h3><strong>Condiciones de uso<\/strong><\/h3>\n<p><strong>Fecha de entrada en vigor:<\/strong> 09\/09\/2024<\/p>\n<p>Bienvenido a <strong>YTMP3.PET<\/strong>. Al acceder o utilizar nuestro sitio web y nuestros servicios, usted acepta cumplir y quedar vinculado por las siguientes Condiciones del servicio. Lea atentamente estas condiciones, ya que rigen el uso de nuestro servicio de conversi\u00f3n de YouTube a MP3. Si no est\u00e1 de acuerdo con estas condiciones, no debe utilizar nuestro sitio web ni nuestros servicios.<\/p>\n<h3><strong>1. Aceptaci\u00f3n de las condiciones<\/strong><\/h3>\n<p>Utilizando <strong>YTMP3.PET<\/strong>, usted acepta estas Condiciones del servicio, nuestra Pol\u00edtica de privacidad y cualquier otra ley o normativa aplicable que rija el uso de nuestro servicio. Estas condiciones se aplican a todos los usuarios del sitio web, incluidos visitantes, usuarios registrados y cualquier persona que acceda a nuestros servicios.<\/p>\n<h3><strong>2. Uso del servicio<\/strong><\/h3>\n<p><strong>YTMP3.PET<\/strong> proporciona una herramienta en l\u00ednea gratuita para convertir v\u00eddeos de YouTube a archivos de audio MP3 s\u00f3lo para uso personal. Al utilizar nuestro servicio, usted acepta las siguientes condiciones:<\/p>\n<ul>\n<li><strong>Uso legal:<\/strong> Usted se compromete a utilizar nuestro servicio \u00fanicamente con fines l\u00edcitos. Debe cumplir todas las leyes locales, estatales, nacionales e internacionales, incluidas las leyes de derechos de autor.<\/li>\n<li><strong>Uso personal:<\/strong> Nuestro servicio est\u00e1 destinado a un uso personal y no comercial. No est\u00e1 permitido utilizar nuestra plataforma con fines ilegales o comerciales, incluida la distribuci\u00f3n no autorizada de contenidos protegidos por derechos de autor.<\/li>\n<li><strong>Acciones prohibidas:<\/strong> Usted se compromete a no hacer un uso indebido del servicio realizando actividades como ingenier\u00eda inversa, extracci\u00f3n de datos, pirater\u00eda inform\u00e1tica o intentos de poner en peligro la seguridad de nuestro sitio web.<\/li>\n<\/ul>\n<h3><strong>3. Propiedad intelectual y derechos de autor<\/strong><\/h3>\n<p>Todos los contenidos disponibles a trav\u00e9s de <strong>YTMP3.PET<\/strong>incluyendo textos, gr\u00e1ficos, logotipos y software, es propiedad de <strong>YTMP3.PET<\/strong> o sus licenciantes y est\u00e1 protegido por las leyes de propiedad intelectual. Se le concede un derecho limitado, no exclusivo e intransferible a utilizar nuestro servicio \u00fanicamente para uso personal.<\/p>\n<p>Al utilizar nuestro servicio, usted se compromete a no infringir las leyes sobre derechos de autor. <strong>YTMP3.PET<\/strong> no fomenta ni aprueba la descarga de material protegido por derechos de autor sin la debida autorizaci\u00f3n del titular de los derechos. Usted es responsable de garantizar que su uso del servicio cumple todas las leyes de derechos de autor aplicables.<\/p>\n<h3><strong>4. Limitaci\u00f3n de responsabilidad<\/strong><\/h3>\n<p><strong>YTMP3.PET<\/strong> se proporciona \"tal cual\" y \"seg\u00fan disponibilidad\" sin ninguna garant\u00eda, ni expresa ni impl\u00edcita. No garantizamos que el servicio est\u00e9 libre de errores, sea ininterrumpido o est\u00e9 libre de componentes da\u00f1inos como virus o malware.<\/p>\n<p>En ning\u00fan caso <strong>YTMP3.PET<\/strong>ni sus propietarios, afiliados o socios ser\u00e1n responsables de ning\u00fan da\u00f1o, incluidos, entre otros, los da\u00f1os directos, indirectos, incidentales o consecuentes, derivados del uso o de la imposibilidad de usar el servicio. Usted acepta utilizar nuestro servicio por su cuenta y riesgo.<\/p>\n<h3><strong>5. Renuncia de garant\u00edas<\/strong><\/h3>\n<p>Proporcionamos nuestro servicio \"tal cual\" y \"seg\u00fan disponibilidad\". <strong>YTMP3.PET<\/strong> no ofrece garant\u00edas ni declaraciones, expresas o impl\u00edcitas, sobre el funcionamiento de nuestro sitio web ni sobre el contenido, la funcionalidad o la fiabilidad de los servicios que ofrecemos.<\/p>\n<p>Renunciamos a cualquier garant\u00eda de comerciabilidad, idoneidad para un fin determinado y no infracci\u00f3n. No garantizamos que el servicio cumpla sus expectativas ni que se corrijan los errores.<\/p>\n<h3><strong>6. Modificaciones del Servicio<\/strong><\/h3>\n<p>Nos reservamos el derecho a modificar, suspender o interrumpir cualquier aspecto del servicio en cualquier momento y sin previo aviso. Esto incluye, entre otros, cambios en la funcionalidad, el dise\u00f1o y la disponibilidad. Tambi\u00e9n nos reservamos el derecho de actualizar estas Condiciones del servicio a nuestra discreci\u00f3n. Cualquier actualizaci\u00f3n ser\u00e1 efectiva inmediatamente despu\u00e9s de su publicaci\u00f3n en esta p\u00e1gina. El uso continuado del servicio despu\u00e9s de cualquier cambio en los t\u00e9rminos indica la aceptaci\u00f3n de los nuevos t\u00e9rminos.<\/p>\n<h3><strong>7. Terminaci\u00f3n del acceso<\/strong><\/h3>\n<p>Nos reservamos el derecho a cancelar o suspender su acceso a <strong>YTMP3.PET<\/strong> en cualquier momento y sin previo aviso, por cualquier motivo, incluida la violaci\u00f3n de estas Condiciones del servicio. En tales casos, dejar\u00e1 de estar autorizado a utilizar nuestro servicio, y podremos adoptar las medidas legales o t\u00e9cnicas necesarias para impedir el uso no autorizado.<\/p>\n<h3><strong>8. Enlaces de terceros<\/strong><\/h3>\n<p>Nuestro sitio web puede contener enlaces a sitios web o servicios de terceros que no son propiedad ni est\u00e1n bajo el control de <strong>YTMP3.PET<\/strong>. No tenemos ning\u00fan control ni asumimos ninguna responsabilidad por el contenido, las pol\u00edticas de privacidad o las pr\u00e1cticas de los sitios web de terceros. Le recomendamos encarecidamente que lea los t\u00e9rminos y condiciones y las pol\u00edticas de privacidad de los sitios web de terceros que visite.<\/p>\n<h3><strong>9. Derecho aplicable<\/strong><\/h3>\n<p>Estas Condiciones del servicio y cualquier litigio que surja o est\u00e9 relacionado con su uso de <strong>YTMP3.PET<\/strong> se regir\u00e1 e interpretar\u00e1 de acuerdo con las leyes de [Su jurisdicci\u00f3n]. Cualquier acci\u00f3n legal o procedimiento relacionado con estos t\u00e9rminos se llevar\u00e1 a cabo exclusivamente en los tribunales ubicados en [Su Jurisdicci\u00f3n].<\/p>\n<h3><strong>10. Informaci\u00f3n de contacto<\/strong><\/h3>\n<p>Si tiene alguna pregunta o duda sobre estas Condiciones del servicio, p\u00f3ngase en contacto con nosotros en:<\/p>\n<ul>\n<li><strong>Correo electr\u00f3nico:<\/strong> <a rel=\"noopener\">support@ytmp3.pet<\/a><\/li>\n<\/ul>\n<hr \/>\n<p>Utilizando <strong>YTMP3.PET<\/strong>Si utiliza esta p\u00e1gina, reconoce que ha le\u00eddo, comprendido y aceptado las presentes Condiciones de servicio. Le recomendamos que consulte esta p\u00e1gina con regularidad para comprobar si se han producido actualizaciones o cambios.<\/p>\n<\/div>\n<\/section>","protected":false},"excerpt":{"rendered":"<p>Terms of Service Effective Date: 09\/09\/2024 Welcome to YTMP3.PET. By accessing or using our website and services, you agree to comply with and be bound by the following Terms of Service. Please read these terms carefully, as they govern your use of our YouTube to MP3 conversion service. If you do not agree to these [&hellip;]<\/p>","protected":false},"author":1,"featured_media":0,"parent":0,"menu_order":0,"comment_status":"closed","ping_status":"closed","template":"","meta":{"footnotes":""},"class_list":["post-8","page","type-page","status-publish","hentry"],"_links":{"self":[{"href":"https:\/\/ytmp3.pet\/esota\/wp-json\/wp\/v2\/pages\/8","targetHints":{"allow":["GET"]}}],"collection":[{"href":"https:\/\/ytmp3.pet\/esota\/wp-json\/wp\/v2\/pages"}],"about":[{"href":"https:\/\/ytmp3.pet\/esota\/wp-json\/wp\/v2\/types\/page"}],"author":[{"embeddable":true,"href":"https:\/\/ytmp3.pet\/esota\/wp-json\/wp\/v2\/users\/1"}],"replies":[{"embeddable":true,"href":"https:\/\/ytmp3.pet\/esota\/wp-json\/wp\/v2\/comments?post=8"}],"version-history":[{"count":0,"href":"https:\/\/ytmp3.pet\/esota\/wp-json\/wp\/v2\/pages\/8\/revisions"}],"wp:attachment":[{"href":"https:\/\/ytmp3.pet\/esota\/wp-json\/wp\/v2\/media?parent=8"}],"curies":[{"name":"wp","href":"https:\/\/api.w.org\/{rel}","templated":true}]}}