{"id":9,"date":"2024-09-26T06:59:05","date_gmt":"2024-09-26T06:59:05","guid":{"rendered":"https:\/\/ytmp3.pet\/?page_id=9"},"modified":"2024-09-28T09:58:00","modified_gmt":"2024-09-28T09:58:00","slug":"contact-us","status":"publish","type":"page","link":"https:\/\/ytmp3.pet\/deota\/contact-us\/","title":{"rendered":"Kontakt"},"content":{"rendered":"<p><!-- Contact Us Page for YouTubeMP4Free.com --><\/p>\n<section class=\"contact-us\">\n<div class=\"container\">\n<p>Wir w\u00fcrden uns freuen, von Ihnen zu h\u00f6ren! Egal, ob Sie Fragen oder Feedback haben oder Hilfe bei der Konvertierung von YouTube in MP3 ben\u00f6tigen, wenden Sie sich an uns. Unter <strong>YTMP3.PET<\/strong>Wir sind bestrebt, Ihnen einen exzellenten Support zu bieten und daf\u00fcr zu sorgen, dass Ihre Erfahrungen reibungslos und angenehm sind.<\/p>\n<h4><strong>Wie Sie uns kontaktieren k\u00f6nnen:<\/strong><\/h4>\n<ul>\n<li><strong>E-Mail:<\/strong> <a rel=\"noopener\">support@ytmp3.pet<\/a><br \/>\nSie erreichen uns per E-Mail f\u00fcr Anfragen, technischen Support oder Feedback. Wir bem\u00fchen uns, auf alle Nachrichten innerhalb von 24 Stunden zu antworten.<\/li>\n<\/ul>\n<hr \/>\n<h3><strong>H\u00e4ufig gestellte Fragen:<\/strong><\/h3>\n<p>Bevor Sie sich an uns wenden, vergessen Sie nicht, sich unsere <strong><a href=\"\/deota\/\" rel=\"noopener\">FAQs<\/a> <\/strong>Seite f\u00fcr schnelle Antworten auf h\u00e4ufige Fragen zu unserem YouTube-zu-MP3-Konvertierungsdienst.<\/p>\n<hr \/>\n<h3><strong>Folgen Sie uns:<\/strong><\/h3>\n<p>Bleiben Sie auf dem Laufenden mit den neuesten Funktionen und Nachrichten von <strong>YTMP3.PET<\/strong> indem Sie uns in den sozialen Medien folgen:<\/p>\n<ul>\n<li><strong>Facebook:<\/strong> <a href=\"#\" rel=\"noopener\">facebook.com\/YTMP3.PET<\/a><\/li>\n<li><strong>Twitter:<\/strong> <a href=\"#\" rel=\"noopener\">twitter.com\/YTMP3.PET<\/a><\/li>\n<\/ul>\n<hr \/>\n<p>Wir sind f\u00fcr Sie da, um den Konvertierungsprozess von YouTube in MP3 so reibungslos wie m\u00f6glich zu gestalten. Z\u00f6gern Sie nicht, uns zu kontaktieren - wir helfen Ihnen gerne weiter!<\/p>\n<\/div>\n<\/section>","protected":false},"excerpt":{"rendered":"<p>We\u2019d love to hear from you! Whether you have questions, feedback, or need assistance with our YouTube to MP3 conversion service, feel free to reach out. At YTMP3.PET, we are committed to providing excellent support and making sure your experience is smooth and enjoyable. How to Contact Us: Email: support@ytmp3.pet Reach us via email for [&hellip;]<\/p>","protected":false},"author":1,"featured_media":0,"parent":0,"menu_order":0,"comment_status":"closed","ping_status":"closed","template":"","meta":{"footnotes":""},"class_list":["post-9","page","type-page","status-publish","hentry"],"_links":{"self":[{"href":"https:\/\/ytmp3.pet\/deota\/wp-json\/wp\/v2\/pages\/9","targetHints":{"allow":["GET"]}}],"collection":[{"href":"https:\/\/ytmp3.pet\/deota\/wp-json\/wp\/v2\/pages"}],"about":[{"href":"https:\/\/ytmp3.pet\/deota\/wp-json\/wp\/v2\/types\/page"}],"author":[{"embeddable":true,"href":"https:\/\/ytmp3.pet\/deota\/wp-json\/wp\/v2\/users\/1"}],"replies":[{"embeddable":true,"href":"https:\/\/ytmp3.pet\/deota\/wp-json\/wp\/v2\/comments?post=9"}],"version-history":[{"count":0,"href":"https:\/\/ytmp3.pet\/deota\/wp-json\/wp\/v2\/pages\/9\/revisions"}],"wp:attachment":[{"href":"https:\/\/ytmp3.pet\/deota\/wp-json\/wp\/v2\/media?parent=9"}],"curies":[{"name":"wp","href":"https:\/\/api.w.org\/{rel}","templated":true}]}}